
True
Is 423172271 prime?
True
Is 377291317979 composite?
False
Is 36034171 composite?
False
Is 30167813323 a prime number?
True
Is 97275591887 prime?
False
Is 9855172651 composite?
False
Is 110060459 composite?
True
Is 4679966678 prime?
False
Is 9733294049 a prime number?
False
Is 1227289587 a prime number?
False
Is 20984042533 a prime number?
True
Is 25646660135 a composite number?
True
Is 247161553 a prime number?
True
Is 240689119 composite?
True
Is 126566589601 prime?
False
Is 13916933189 composite?
True
Is 109697894863 a composite number?
False
Is 4554258541 composite?
True
Is 2337042427 prime?
False
Is 17399287249 a composite number?
True
Is 147459805849 composite?
False
Is 517712791 a prime number?
False
Is 1079533859 prime?
True
Is 1316477413 a composite number?
True
Is 198258121 a prime number?
False
Is 5454424447 a prime number?
False
Is 166424641 a composite number?
False
Is 152908968803 prime?
True
Is 209247251 prime?
True
Is 201655335515 a prime number?
False
Is 758995877 prime?
True
Is 44821354547 a composite number?
True
Is 44928529259 composite?
False
Is 62214529 a composite number?
True
Is 5728460431 composite?
True
Is 4727088439 prime?
False
Is 362989733 a composite number?
False
Is 7970612759 composite?
False
Is 1929004391 a prime number?
False
Is 1990754897 a composite number?
True
Is 28100879537 prime?
True
Is 4866540421 composite?
False
Is 57196229 prime?
True
Is 16646184337 a composite number?
False
Is 12805472573 prime?
True
Is 209802217 prime?
True
Is 947537957 a composite number?
False
Is 89662081 a prime number?
True
Is 60229685 composite?
True
Is 2108982611 composite?
False
Is 7371060491 composite?
True
Is 867837722 a composite number?
True
Is 927082613 prime?
True
Is 24798373 a composite number?
False
Is 11316905417 a prime number?
False
Is 337744223 prime?
False
Is 694687391 a prime number?
True
Is 11616765817 a composite number?
False
Is 140322129 prime?
False
Is 670234717 composite?
False
Is 359068771 a prime number?
True
Is 2838909929 a composite number?
False
Is 17280487577 prime?
False
Is 12756266329 a composite number?
True
Is 2005981583 composite?
True
Is 14224767547 a prime number?
True
Is 22698503941 composite?
False
Is 34031513783 a composite number?
True
Is 3082576351 composite?
True
Is 861596833 prime?
False
Is 1172386991 composite?
True
Is 437964246961 prime?
True
Is 214826185789 prime?
True
Is 112578607567 a prime number?
True
Is 96577293509 composite?
False
Is 7716547759 a composite number?
True
Is 717010952063 a composite number?
True
Is 62353785709 a composite number?
False
Is 142172053 a composite number?
False
Is 72929085137 a prime number?
False
Is 409534243 a prime number?
True
Is 44019653 composite?
False
Is 11099188987 a composite number?
False
Is 6046554497 composite?
False
Is 3190798339 a prime number?
True
Is 43861614103 a prime number?
True
Is 397018159 a prime number?
False
Is 135286223 a composite number?
True
Is 14487435959 a prime number?
True
Is 12051479837 composite?
True
Is 606567779 a composite number?
False
Is 88129589 a prime number?
False
Is 1677450547 a composite number?
False
Is 819724033 a composite number?
False
Is 167910523 composite?
True
Is 515515727 composite?
True
Is 4316528213 prime?
False
Is 553063081 prime?
True
Is 52795136903 a composite number?
False
Is 1654635761 a composite number?
False
Is 79704701 a composite number?
False
Is 2212794481 a composite number?
True
Is 8353045607 a prime number?
True
Is 85964909 composite?
False
Is 4082467693 prime?
True
Is 14128098311 composite?
True
Is 246915647 a composite number?
True
Is 18214671527 prime?
False
Is 3972727391 a composite number?
True
Is 1885266311 prime?
True
Is 67688207599 composite?
False
Is 1882258055 prime?
False
Is 113170918013 composite?
True
Is 1127921747 a prime number?
True
Is 202436837 a composite number?
False
Is 37145653 prime?
False
Is 38025920113 prime?
False
Is 590996165893 a composite number?
True
Is 22137376399 a prime number?
True
Is 16200146839 prime?
False
Is 104799044293 a composite number?
True
Is 29258899759 a composite number?
False
Is 13222497467 prime?
True
Is 435184153 composite?
False
Is 1159662887 composite?
True
Is 2924819323 prime?
False
Is 1322540203 a prime number?
False
Is 1831749329 prime?
False
Is 288341623 a prime number?
True
Is 40539859783 a prime number?
True
Is 76107124019 prime?
False
Is 71533883 a composite number?
False
Is 6286088239 prime?
True
Is 270410497415 composite?
True
Is 5191801583 a prime number?
False
Is 554719227 a prime number?
False
Is 435052067 prime?
False
Is 8638372399 a prime number?
False
Is 827833421 a composite number?
True
Is 114017117 a prime number?
False
Is 8471133613 prime?
False
Is 209659469 a composite number?
False
Is 1059201347 a prime number?
True
Is 633180847 composite?
True
Is 159131263 a composite number?
False
Is 91486033877 prime?
False
Is 811820923 prime?
False
Is 46705539071 a composite number?
False
Is 5739356299 a composite number?
False
Is 19086521837 a composite number?
False
Is 3055823963 a prime number?
True
Is 1042318463 prime?
False
Is 13589916955 a prime number?
False
Is 2639130631 composite?
False
Is 547563873 a composite number?
True
Is 15719218349 composite?
False
Is 1446178871 composite?
True
Is 310002479 a composite number?
False
Is 2176965605 composite?
True
Is 191219699323 a prime number?
True
Is 25788404839 composite?
True
Is 8109294421 a prime number?
True
Is 87142325623 composite?
True
Is 54571163 a prime number?
False
Is 4705538249 prime?
True
Is 3972561753 a composite number?
True
Is 3491381611 a prime number?
True
Is 107685965381 composite?
False
Is 29052889 a composite number?
False
Is 163905487 a prime number?
False
Is 643022509 a composite number?
False
Is 1298104519 a prime number?
False
Is 29310088043 a prime number?
True
Is 690279553 prime?
False
Is 301717831 composite?
False
Is 4564930371 a composite number?
True
Is 29336402881 a prime number?
True
Is 124194957959 a composite number?
True
Is 7792293601 prime?
False
Is 3215404639 a prime number?
True
Is 22350302173 a prime number?
True
Is 35487841 prime?
True
Is 4305975797 a prime number?
False
Is 5344540881 prime?
False
Is 1692810839 a composite number?
False
Is 811018409 a composite number?
False
Is 33761730017 composite?
False
Is 4010448187 composite?
False
Is 667137529 a composite number?
True
Is 910828943 a prime number?
True
Is 107811223414 composite?
True
Is 202184363 a prime number?
True
Is 20834907851 a composite number?
True
Is 19855754267 a composite number?
True
Is 3481572427 a prime number?
True
Is 2880101039 composite?
True
Is 349393171 composite?
False
Is 2781625051 a composite number?
True
Is 1715754493 prime?
False
Is 40920073 prime?
False
Is 14637449461 a prime number?
True
Is 3705115811 a prime number?
True
Is 1930827473 composite?
True
Is 4318289641 a prime number?
False
Is 3701516317 composite?
False
Is 12153964157 prime?
True
Is 625049981 a prime number?
False
Is 14178815269 prime?
False
Is 2518667791 a composite number?
False
Is 589190473 prime?
False
Is 7644993553 a prime number?
True
Is 9811164611 a composite number?
True
Is 2779199413 a composite number?
True
Is 42201484733 a composite number?
False
Is 198132054007 composite?
False
Is 18667693789 prime?
False
Is 164437257 prime?
False
Is 8187041609 a prime number?
True
Is 306245501 composite?
True
Is 71877116281 prime?
True
Is 1117708393 prime?
False
Is 9813293411 a composite number?
False
Is 255389977 prime?
True
Is 41021921797 composite?
False
Is 3163144937 composite?
False
Is 1305877718 a prime number?
False
Is 3773964479 a prime number?
True
Is 20535536933 composite?
True
Is 4636488953 composite?
True
Is 614624137 a prime number?
False
Is 94187881159 composite?
True
Is 4813365007 a composite number?
True
Is 9881628551 a prime number?
True
Is 4263239129 composite?
True
Is 92620191 a composite number?
True
Is 4471881301 a composite number?
True
Is 4308676213 a prime number?
True
Is 13949686129 prime?
True
Is 105619641 prime?
False
Is 4584051503 a composite number?
False
Is 946877831 composite?
False
Is 154366042123 prime?
False
Is 892272187 a composite number?
False
Is 108087014279 a composite number?
False
Is 127904858897 a composite number?
True
Is 32077316741 compos